2 + w**2. Give k(j).
1
Let v(z) = -z - 1 + 2 + 0. Let t = -88 - -91. Calculate v(t).
-2
Let h(d) = d. Let w(c) = 1 - 3 + 2 + 8*c. Let k(s) = 4*h(s) - w(s). Determine k(2).
-8
Let s(g) = g**2 - 9*g + 16. Let c be s(8). Let t(q) = q**2 - 8*q - 8. Give t(c).
-8
Let w(x) = -3*x**2 - 20*x. Let q(n) be the first derivative of 2*n**3/3 + 13*n**2/2 + 5. Let y(d) = 8*q(d) + 5*w(d). Calculate y(-3).
-3
Let w(q) be the third derivative of -q**4/24 + 7*q**3/6 + 7*q**2. Determine w(0).
7
Let p(n) = -29 + n + n**2 + 0*n**3 + n**3 + 26. Let r = 5 + -6. Let l be (0/(-2))/(-1 + r). Give p(l).
-3
Let l(n) be the first derivative of -n**4/3 - n**2 - 2. Let r(y) be the second derivative of l(y). What is r(-1)?
8
Suppose 5*y + 0*y = 0. Suppose 2*j + y = 2. Let g(r) be the third derivative of r**5/60 - r**3/6 + r**2. What is g(j)?
0
Let u(h) be the second derivative of h**3/6 + 6*h**2 + h. Suppose i - 50 = -56. Calculate u(i).
6
Let j be -3 - ((-3)/3 + -2). Let q(g) be the first derivative of -1/2*g**4 + 2/3*g**3 - g + j*g**2 - 2. Calculate q(1).
-1
Let t(p) = -p**2 + 4. Let d be 2 + (1 - 2) + -4. Give t(d).
-5
Let b(n) = 5*n**2 + n. Let y be (2 - (0 - 0))/(-2). What is b(y)?
4
Let s(a) = 3*a - 4*a + 2*a**2 - 3*a**2. Let g(r) = r**3 - 9*r**2 - 8*r - 14. Let m be g(10). Let q = 4 - m. Determine s(q).
-2
Let d = 3 - -1. Suppose 0 = 2*x + 5*q - 9, -d*q + 24 = x - 5*x. Let r be x/((-18)/4)*6. Let c(b) = -b**3 + 5*b**2 - 7*b + 5. What is c(r)?
-7
Let v(f) = -f**3 - 7*f**2 - 4*f - 2. Let y(g) = 2*g**3 + 8*g**2 + 3*g + 1. Let s(b) = -3*v(b) - 2*y(b). Determine s(6).
4
Let k(b) = 4*b**3 - 5*b**2 - b - 6. Let c(x) = -x**3. Let w(i) = 5*c(i) + k(i). Let m be (5/4)/((-5)/20). Determine w(m).
-1
Let l(j) = j + 6. Let i(s) = -s**2 - 2*s**2 + 13*s**2 - s**3 - 15 + 12*s. Let c be i(11). Let v be l(c). Let z(w) = 2*w**2 - 4*w + 2. Determine z(v).
2
Let a(t) = t + 10. Let w(i) = i + 11. Let h(v) = 5*a(v) - 4*w(v). Suppose -3*o + 27 = -0*o - 3*m, -3*m = 3*o - 3. Determine h(o).
11
Let c(h) = 2*h + 1. Suppose 5*r = -5*z - 15, -3*r - r + z = 17. Suppose 4*p - 5 = 15. Let d = r + p. Give c(d).
3
Let u = -10 + 12. Let n(d) = d**3 + 2*d**2 - 5*d**u + 2*d**3 + d**2 + d. Determine n(1).
2
Let s = -7 - -9. Suppose s - 1 = m. Let n(w) = 8*w**2 - w. Give n(m).
7
Suppose -2*i = -0*i. Let j(p) be the first derivative of -p**5/120 + p**4/3 + 4*p**3/3 + 4. Let h(z) be the third derivative of j(z). What is h(i)?
8
Let s(z) = -z**2 - 3*z + 7. Let k be s(-5). Let v(p) = 3*p**2 + 4*p + 4. Let o(m) = 7*m**2 + 9*m + 8. Let t(f) = 2*o(f) - 5*v(f). Determine t(k).
-7
Let i(q) be the first derivative of q**2/2 + 8*q + 24. Calculate i(0).
8
Let l be (-5)/(-10)*0/(-1). Suppose -5*t - 4*o + l = 3, o = -3*t + 1. Let r(h) = 3*h**2 + 1. Give r(t).
4
Let l(i) be the third derivative of 3*i**2 + 5/24*i**4 + 0*i + 0 - 1/60*i**5 - i**3. Let y(n) = -n**2 + 6*n + 4. Let h be y(6). What is l(h)?
-2
Let o(d) = d**3 - 3*d**2 - 4*d + 3. Suppose -16 = 196*u - 200*u. What is o(u)?
3
Let p(b) be the third derivative of 0 + 0*b - 1/60*b**5 + 3*b**2 - 1/8*b**4 + 7/6*b**3. Calculate p(-5).
-3
Let y(k) be the first derivative of -1/24*k**4 - 1/120*k**5 + 0*k - 3 - 2/3*k**3 + 0*k**2. Let q(n) be the third derivative of y(n). Give q(1).
-2
Let x be -6*(3 + 24/(-9)). Let v(a) = -3*a - 3. Calculate v(x).
3
Let q(w) = -2*w**2 + 4 + 2*w**2 - w**2. Suppose -6*i + 24 = 2*i. Calculate q(i).
-5
Suppose 2 = 2*q - 8. Let v(f) = 1 + 2 + q*f**2 - 1 - 3. Determine v(-1).
4
Let s(i) = 1. Let o(m) = -m - 4. Let y(h) = -2*o(h) - 6*s(h). Suppose r + 4 = 2. Let q be 42/(-8) + r/(-8). Determine y(q).
-8
Let c(z) = -z**3 + 4*z**2 + 3. Let l be (-4)/18 + 76/18. Let m be c(l). Let p(h) = h**3 - 2*h**2 - 3*h + 2. Calculate p(m).
2
Let d be ((1 - -3) + 2)/(-1). Let m(h) = h. Calculate m(d).
-6
Let l(z) be the second derivative of z**4/12 - 32*z. Calculate l(-2).
4
Let s(w) = 8*w - 13. Let a(f) = -7*f + 12. Let r(j) = -5*a(j) - 4*s(j). What is r(6)?
10
Let h(n) = -n**2 + n - 1. Let i(x) = 8*x**2 + 6*x - 5. Let d(l) = 5*h(l) - i(l). What is d(1)?
-14
Let q(y) be the third derivative of y**5/60 - 5*y**4/24 + y**3/3 - y**2. Let x(n) = -n**3 + 9*n**2 - 9*n + 8. Let i be x(8). Let a = i - -3. Determine q(a).
-4
Suppose 25 = -4*k - d, d - 5 = 3*k - d. Let j(w) = 2*w + 6. Determine j(k).
-4
Let h(s) = 7*s**3 + 6*s**2 - 2*s**2 - 2*s**2 + s - s**2 + 1. Give h(-1).
-6
Let d(v) = 2*v + 1. Suppose -3*b = 2*m - 13, 10 = 2*m - 4*b + 4. Calculate d(m).
11
Suppose 0 = -14*d + 10*d. Let w(q) = q**3 + q**2 - 2 + 4*q**3 - q**3 - 5*q**3. Calculate w(d).
-2
Let n(p) = 8*p + 7. Let j be n(-5). Let q = -362 + 546. Let r be q/(-44) + (-6)/j. Let s(f) = f**3 + 5*f**2 + 2*f - 3. What is s(r)?
5
Let p be 1/(-4) - (-26)/8. Let k(r) = -3*r. Let y(u) = 4*u - 1. Let o(n) = 6*k(n) + 4*y(n). Determine o(p).
-10
Let r(a) = -8*a. Let h(k) = -k. Let b be 1086/(-21) + (-6)/21. Let x(y) = b*h(y) + 6*r(y). What is x(2)?
8
Let g(i) = i**3 - 3*i**2 - 4*i + 5. Let b(d) = 5*d**2 - 2*d + 1. Let p be b(1). Give g(p).
5
Suppose 12*m = 11*m - 7. Let w(f) = f**2 + 6*f - 10. Calculate w(m).
-3
Let b(l) = 9*l - 9*l + 2*l - 4*l**2 + 3*l**2 + 1. Determine b(4).
-7
Let b(m) = m + 13. Suppose s - 52 = 5*s. Let x be b(s). Let n(i) be the third derivative of -i**5/60 + 2*i**3/3 - 2*i**2. Give n(x).
4
Suppose 4*h - 36 = 5*k + 2*h, -h - 21 = 4*k. Let m(n) = -n**2 - 6*n. Determine m(k).
0
Let l(b) = -b**3 - 3*b**2 + 5*b - 3. Let c be (-6)/33 - 70/(-22). Suppose -2*q + 2*k = -2, 4*q + c*k - k + 26 = 0. Calculate l(q).
-7
Let j(r) = -r + 2. Let i(f) = -5*f + 8 - 10*f**2 + 10*f + 9*f**2. Let y be i(7). Give j(y).
8
Let w(r) = -3*r + 1. Suppose -5*d + 70 = -20. Suppose -v + 4 + 9 = -3*z, -3*v + 2*z + d = 0. Suppose -3 + 11 = v*y. Calculate w(y).
-5
Let t(g) = 2*g**2 + 14*g + 2. Let u be t(-7). Let w(o) be the second derivative of 2/3*o**3 - 3*o + 0 - 7/2*o**u + 1/12*o**4. Give w(-5).
-2
Suppose 0 = 3*t - 13 - 2. Suppose 9 = 4*u + 1. Let y(q) = -2*q**3 - 7 + t*q**u + 3*q + q**3 + 1. Give y(5).
9
Let x(n) be the third derivative of 0 + 1/120*n**6 - 1/6*n**3 + 3*n**2 + 0*n - 1/20*n**5 - 1/24*n**4. Determine x(2).
-7
Let z(h) be the second derivative of h**5/20 + h**4/4 - h**3/2 - h**2 - h. What is z(-4)?
-6
Let o = 23 + -22. Let t(w) = -19*w**2 + 9*w + 9. Let p(z) = -5*z**2 + 2*z + 2. Let d(f) = -9*p(f) + 2*t(f). Give d(o).
7
Let n(r) = r**2 - r - 1. Let d(v) = v**3 - v + 9. Let b(q) = d(q) + 4*n(q). Let y = -276 + 271. What is b(y)?
5
Let h(q) = q**2 - 5*q + 3. Let n(m) = m + 10. Let g be n(-5). Let x be h(g). Let a(d) = -d**2 - d + 3. Calculate a(x).
-9
Let z(y) = -y**3 + 3*y**2 + 4*y - 4. Let a be 1/2*(35 - 1). Suppose 5*f - a = 3. Determine z(f).
-4
Let z(n) = -n**2 + 3*n - 4. Suppose 42 = 5*q - 2*q. Suppose -4*w + q = -6. Suppose -w*i = -4*i - 3. Give z(i).
-4
Let w be (-5 + 0)*39/(-65). Let y(m) be the first derivative of -m**4/4 + m**3/3 + 3*m**2/2 + 3*m + 2. What is y(w)?
-6
Let s be 4/(-5) + 145/25. Let v(t) = -t**3 + 6*t**2 - 4*t - 5. Calculate v(s).
0
Let z(h) = h**2 + 7*h - 7. Let b be z(-8). Let f(d) = 2*d - 2*d**2 + 6*d**2 + 0*d**2 - 3*d. What is f(b)?
3
Suppose -24 = -4*j + 8*j. Let x(w) = -w**3 - 6*w**2 + 2*w + 9. Determine x(j).
-3
Let l(g) = 4*g**3 + g**2 - g. Suppose -9 - 3 = -2*r. Suppose 0 = -5*y + r - 1. What is l(y)?
4
Let s(u) = 5*u - 6. Let a be s(5). Suppose -4*c = 1 + a. Let w(v) = -v**3 - 4*v**2 + 5*v - 4. What is w(c)?
-4
Let q(b) = b**3 + 5*b**2 - 7*b - 6. Let x(k) = k**2 - 7*k - 36. Let y be x(10). Determine q(y).
0
Let i be 3*((-10)/(-6))/(-1). Let b(v) = -v + 1. What is b(i)?
6
Let i be (-2)/2 - (-3 + -1). Suppose 0 = -4*p + 105 + 339. Let l(q) = 111*q + q**2 - p*q. What is l(i)?
9
Let n(w) be the second derivative of -5*w**4/6 - w**3/6 + 2*w. Suppose -b = a, -a + 2 - 6 = -3*b. What is n(a)?
-9
Let v(z) = -z**2 - 7 + 3*z**2 - z**2 + 2*z. Give v(-5).
8
Let w(c) = -c**3 + 7*c**2 - 5*c. Suppose 15 = 5*r - 10. Suppose -r*i = 2*j - 24, 14 + 16 = 4*i - 2*j. Calculate w(i).
6
Suppose 5*a - 19 = -89. Let j(s) = s + 12. Calculate j(a).
-2
Let n(v) = 2*v - 4*v - 4 - v**2 + 6 - 5. Determine n(4).
-27
Suppose 3 = -g - 1. Let a(b) be the third derivative of -1/6*b**4 - 6*b**2 + 0*b + 0 - 5/6*b**3. What is a(g)?
11
Let f(v) = 0 + 0 + 3*v. Suppose -9 = 5*w + 6. Let y = -2 - w. Give f(y).
3
Suppos